 m?
3
Let p = 26 - 10. What is the highest common divisor of 112 and p?
16
Suppose 3*f - 197 = -56. Let j = -22 + f. Suppose -3*z - 1 = -16. What is the highest common divisor of z and j?
5
Suppose 3*f = -f + 16. Let y = f - 4. Let j = 6 + y. What is the greatest common divisor of j and 3?
3
Let y(n) = -n + 3. Let f be y(7). Let w be ((-495)/(-6))/((-2)/f). What is the highest common divisor of w and 15?
15
Suppose -3*w = -5*w + 4. Suppose 0*a + 8 = -w*a, -88 = -5*d - 3*a. Calculate the highest common factor of d and 8.
4
Let p be ((-40)/3)/((-10)/15). What is the greatest common factor of 8 and p?
4
Let m(x) = 2*x**2 + 3*x + 1. Let v be m(-6). Let w be (5 - -1 - (-9 + -12)) + -5. What is the highest common divisor of v and w?
11
Let s = 51 + 26. Suppose -s = -2*k - 17. Calculate the highest common divisor of k and 12.
6
Let k be (-2 - -1)*1*-29. What is the highest common factor of k and 261?
29
Let k(g) = 7*g + 8. Let y be k(6). What is the highest common factor of 200 and y?
50
Let x(b) = -b**3 - 13*b**2 + 14*b + 20. Let p be x(-14). What is the greatest common factor of 160 and p?
20
Suppose i - 32 = 5*q + 45, -3*i = -6. Let z = q + 37. What is the greatest common divisor of z and 33?
11
Suppose -y - g = -31, 5*g + 20 = -5. Calculate the highest common factor of 180 and y.
36
Let f(b) = b**3 + b**2 + 27. Let m be f(0). Calculate the highest common factor of 297 and m.
27
Suppose 4*n - 5*a - 277 = n, n = a + 95. What is the greatest common factor of 33 and n?
33
Let p = -23 - -63. Suppose -8*d + 4*d = -20. What is the greatest common factor of d and p?
5
Suppose 22 = -5*m + 2. Let n be m/3*462/(-4). What is the highest common divisor of n and 22?
22
Let w = -32 - -40. What is the highest common factor of w and 1?
1
Suppose 2*j + 5*d = 75, 2*j + d + d - 78 = 0. Let i be -1 + 4 + (-1 - -3). Calculate the greatest common divisor of i and j.
5
Let h = 4 - -27. Suppose -4*c - 14 = w, -3*w + 5*c + h = -2*w. Calculate the highest common divisor of 30 and w.
6
Let j be (-1 - (-33 - 1)) + 1. Let k(z) = -z + 11. Let c be k(8). Suppose -c*h + 5 = -j. What is the highest common divisor of h and 39?
13
Suppose 0 = r - 4*x - 0*x + 33, -4*r - 88 = -5*x. Let g = r + 28. Suppose h + 3*t = 56, h - 5*h = 3*t - 188. What is the highest common divisor of h and g?
11
Let z = 7 - -3. Calculate the highest common factor of z and 5.
5
Let g = 10 + -7. Suppose -4*l = 3*b - 0*b - 37, 0 = g*l - 3. Let u be -6*1 + 66 + 28. What is the greatest common divisor of u and b?
11
Let v be (-2)/12 - 13/(-6) - -49. Calculate the greatest common factor of 17 and v.
17
Let s(m) = -31*m - 3. Let r be s(-3). Let l = 3 + 1. Let h be l*1/6*15. What is the highest common factor of h and r?
10
Suppose 0 = 4*p - 5*f - 115, 7*p - 5*p - 55 = 5*f. Calculate the highest common divisor of 4 and p.
2
Let m(x) = -x**3 + 9*x**2 + 13. Let f be m(9). What is the greatest common factor of 65 and f?
13
Let q(a) be the second derivative of a**4/6 + 3*a**3/2 + 7*a**2/2 - a. Let d be q(-9). Calculate the greatest common factor of 11 and d.
11
Let k(s) = 4*s + 21. Let m be k(7). Calculate the greatest common factor of 49 and m.
49
Let a(z) = z**2 + z - 46. Let y be a(-8). What is the greatest common factor of y and 110?
10
Let d = -7 + 10. Suppose 0 = -m - 4*s + 23, 0 = d*m + 4*s - 45. Calculate the greatest common factor of 121 and m.
11
Suppose -4*o - 24 = -0*p - 2*p, -3*p = 5*o - 14. Let n(z) = z**2 + z - 6. Let m be n(p). What is the greatest common divisor of 6 and m?
6
Suppose -3*o + 32 = -13. Let c = 7 + 3. Calculate the highest common divisor of c and o.
5
Let t(a) = -a**3 - 20*a**2 - a. Let d be t(-20). What is the highest common factor of d and 10?
10
Let o = -121 - -286. Calculate the greatest common divisor of 66 and o.
33
Let f(k) = k + 25. Let z be f(8). What is the highest common divisor of 22 and z?
11
Let j be (-1)/(-4) + 5 + 5/(-4). Calculate the highest common divisor of j and 44.
4
Suppose -5*r - 13 = -98. Calculate the highest common factor of 187 and r.
17
Suppose -o + 325 = 50. What is the greatest common divisor of o and 25?
25
Let s(p) = 10*p + 3*p**2 - 2*p**2 - 20*p + 8 + 9. Let f be s(13). Calculate the greatest common factor of f and 14.
14
Let n(x) = 1 - 2 + 1 - 146*x - 2. Let c be n(-1). What is the highest common factor of c and 18?
18
Let s = -4 + 9. Suppose 0 = -s*n + 549 + 56. Calculate the highest common factor of n and 11.
11
Let y be (2/(-3))/((-2)/(-3)). Let r be 2/(90/88 + y). Let b(m) = 2*m**3 - 10*m**2 + 2*m + 12. Let v be b(5). Calculate the greatest common factor of v and r.
22
Let v = -38 + 70. Calculate the greatest common factor of 288 and v.
32
Let z(u) = u - 7. Let i be z(15). Calculate the highest common factor of 16 and i.
8
Suppose 2*t + 4*y = 5*y - 9, t - y + 7 = 0. Let w be (t - -13) + 0/(-1). What is the greatest common factor of w and 1?
1
Let a be -4 + (-4 - -6) + 28. Calculate the highest common factor of a and 13.
13
Let i be (6/4)/(-9*(-6)/1440). Calculate the highest common factor of i and 10.
10
Suppose -5*o + 32 + 2 = t, 3*o - 3*t - 6 = 0. Let i(d) = d**3 - 5*d**2 + 4*d - 2. Let r be i(5). Calculate the highest common divisor of o and r.
6
Let g(u) = -10*u - 7. Let w be g(-4). What is the greatest common factor of 22 and w?
11
Suppose 5*x + 36 = 4*b, -2*b - 3*x + 2 = 6. Suppose 592 = 4*f - o, -274 = -2*f - b*o - o. What is the greatest common factor of f and 21?
21
Let a = 8 + -6. Let l be ((-6)/a)/(3/(-14)). What is the greatest common divisor of 2 and l?
2
Let y = -63 + 111. Calculate the greatest common factor of 24 and y.
24
Let d = -8 - -9. Let f be 9 - (-3)/(d + -4). Calculate the highest common factor of f and 1.
1
Let r be (-2)/(-8) - (7 + (-556)/16). What is the highest common divisor of 56 and r?
28
Suppose 30 = 3*a + 2*a. Let o = 16 + -10. Calculate the highest common divisor of a and o.
6
Let z be (15*3)/3 + 0. Suppose m = 2*m - z. What is the highest common factor of 30 and m?
15
Let i(p) be the third derivative of 7*p**4/3 - 2*p**3/3 - 3*p**2. Let a be i(4). What is the highest common divisor of 20 and a?
20
Let n(i) = 3*i - 28. Let r be n(12). Calculate the greatest common divisor of 4 and r.
4
Suppose -2*l = -l. Suppose -4*z + 3*z - 1 = l. Let n = z + 5. What is the highest common divisor of n and 32?
4
Let s(f) = 3*f + 3. Let r be s(3). What is the highest common divisor of 12 and r?
12
Let a be 0/((-7)/(7/2)). Let m be -2*(-7*1 + 1). Let y be m*(-2)/(-3) - a. Calculate the highest common factor of 56 and y.
8
Let j be -1 - (0/(-1) + -12). Let u be 2/(-10) + j/5. Suppose -u*b - 3*b + 45 = 0. What is the greatest common divisor of b and 6?
3
Let k(i) = 2*i**2 + 2*i - 1. Let s be k(2). Calculate the greatest common factor of s and 121.
11
Let k be 28/(-4) - -3 - -25. What is the highest common divisor of 3 and k?
3
Suppose -18*k + 704 + 16 = 0. What is the highest common factor of 440 and k?
40
Suppose -3*c = -c + 3*l - 119, -4*l - 76 = -c. Calculate the greatest common divisor of c and 8.
8
Let i(w) = w - 7. Let l be i(10). Suppose 0 = -l*f + f + 40. Calculate the greatest common divisor of 140 and f.
20
Let z be ((-4)/6)/(6/(-9)) + 20. Calculate the greatest common factor of z and 21.
21
Let f(g) = -g**3 + 10*g**2 + 11*g + 14. Let z be f(11). Let r be (2 + 12)*(-10)/(-4). What is the greatest common divisor of r and z?
7
Let b(v) = v**3 + 4*v**2 + v - 2. Let s be b(-4). Let j be (-214)/(-9) + s/(-27). Calculate the highest common divisor of 3 and j.
3
Let l(u) = u**3 - 6*u**2 - 7*u + 9. Suppose 3*f + 5*k - 41 = 0, -8*f + 31 = -3*f - k. Let o be l(f). What is the greatest common divisor of o and 6?
3
Let j be -4 + 0 - (-18 + 3). Suppose 16*c - j*c - 405 = 0. What is the highest common factor of c and 9?
9
Let g be 4/(-34*2/(-20) - 3). Calculate the highest common factor of g and 40.
10
Suppose 0 = o - 24. Suppose -2*y - 2 = -6. Suppose 5*z - 9 = y*z. Calculate the highest common factor of z and o.
3
Let i = 2 - -1. Let m be 12 - (0 - 0/i). Calculate the greatest common divisor of 60 and m.
12
Let d(y) = -9*y + 4. Let t be d(-9). Suppose p + t = 2*p. What is the greatest common divisor of p and 17?
17
Let a(o) = 4*o - 25. Let f be a(9). What is the greatest common factor of f and 11?
11
Let s = -1 - -1. Suppose s*g + 6 = 